{"id":14,"date":"2007-07-17T11:30:50","date_gmt":"2007-07-17T09:30:50","guid":{"rendered":"http:\/\/www.jugend-hd.de\/jj-wp\/?page_id=14"},"modified":"2007-07-17T11:33:06","modified_gmt":"2007-07-17T09:33:06","slug":"personlich","status":"publish","type":"page","link":"https:\/\/jugend-hd.de\/?page_id=14","title":{"rendered":"Pers\u00f6nlich"},"content":{"rendered":"<p>Hier gibt es einige pers\u00f6nliche Dinge:<\/p>\n<blockquote><p> <a href=\"https:\/\/www.jugend-hd.de\/wordpress\">J-Blog pers\u00f6nlich<\/a> (Pers\u00f6nlicher J-Blog mit aktuellen Ereignissen, Gedanken, Predigtmitschriften etc.)<\/p>\n<p><a href=\"http:\/\/www.jjanzen.de\/cgi-bin\/webchat.php.cgi?showlogin=1&amp;nopopup=1\">J-Chat<\/a> (Wer sich von den Mitarbeitern mal zum Online-Chat verabreden m\u00f6chte, kann dies gerne hier tun&#8230;)<\/p>\n<p><a href=\"https:\/\/www.jugend-hd.de\/sicher\">Privater Login<\/a><\/p><\/blockquote>\n","protected":false},"excerpt":{"rendered":"<p>Hier gibt es einige pers\u00f6nliche Dinge: J-Blog pers\u00f6nlich (Pers\u00f6nlicher J-Blog mit aktuellen Ereignissen, Gedanken, Predigtmitschriften etc.) J-Chat (Wer sich von den Mitarbeitern mal zum Online-Chat verabreden m\u00f6chte, kann dies gerne hier tun&#8230;) Privater Login<\/p>\n","protected":false},"author":18,"featured_media":0,"parent":2,"menu_order":1,"comment_status":"open","ping_status":"closed","template":"","meta":{"footnotes":""},"class_list":["post-14","page","type-page","status-publish","hentry"],"_links":{"self":[{"href":"https:\/\/jugend-hd.de\/index.php?rest_route=\/wp\/v2\/pages\/14","targetHints":{"allow":["GET"]}}],"collection":[{"href":"https:\/\/jugend-hd.de\/index.php?rest_route=\/wp\/v2\/pages"}],"about":[{"href":"https:\/\/jugend-hd.de\/index.php?rest_route=\/wp\/v2\/types\/page"}],"author":[{"embeddable":true,"href":"https:\/\/jugend-hd.de\/index.php?rest_route=\/wp\/v2\/users\/18"}],"replies":[{"embeddable":true,"href":"https:\/\/jugend-hd.de\/index.php?rest_route=%2Fwp%2Fv2%2Fcomments&post=14"}],"version-history":[{"count":0,"href":"https:\/\/jugend-hd.de\/index.php?rest_route=\/wp\/v2\/pages\/14\/revisions"}],"up":[{"embeddable":true,"href":"https:\/\/jugend-hd.de\/index.php?rest_route=\/wp\/v2\/pages\/2"}],"wp:attachment":[{"href":"https:\/\/jugend-hd.de\/index.php?rest_route=%2Fwp%2Fv2%2Fmedia&parent=14"}],"curies":[{"name":"wp","href":"https:\/\/api.w.org\/{rel}","templated":true}]}}